{"id":1150,"date":"2013-06-26T11:20:17","date_gmt":"2013-06-26T09:20:17","guid":{"rendered":"http:\/\/www.textundwort.at\/?page_id=1150"},"modified":"2017-09-28T14:30:50","modified_gmt":"2017-09-28T12:30:50","slug":"typengerecht-kommunizieren-uberzeugend-argumentieren","status":"publish","type":"page","link":"https:\/\/www.textundwort.at\/?page_id=1150","title":{"rendered":"Basisworkshop: Colour Tune System (CTS) \u2013 4-Farben-Sprache &#8211; typengerechte Kommunikation"},"content":{"rendered":"<p><!-- [if gte mso 9]><xml>\n<w:WordDocument>\n<w:View>Normal<\/w:View>\n<w:Zoom>0<\/w:Zoom>\n<w:HyphenationZone>21<\/w:HyphenationZone>\n<w:PunctuationKerning\/>\n<w:ValidateAgainstSchemas\/>\n<w:SaveIfXMLInvalid>false<\/w:SaveIfXMLInvalid>\n<w:IgnoreMixedContent>false<\/w:IgnoreMixedContent>\n<w:AlwaysShowPlaceholderText>false<\/w:AlwaysShowPlaceholderText>\n<w:Compatibility>\n<w:BreakWrappedTables\/>\n<w:SnapToGridInCell\/>\n<w:WrapTextWithPunct\/>\n<w:UseAsianBreakRules\/>\n<w:DontGrowAutofit\/>\n<\/w:Compatibility>\n<w:BrowserLevel>MicrosoftInternetExplorer4<\/w:BrowserLevel>\n<\/w:WordDocument>\n<\/xml><![endif]--><\/p>\n<p><!-- [if gte mso 9]><xml>\n<w:LatentStyles DefLockedState=\"false\" LatentStyleCount=\"156\">\n<\/w:LatentStyles>\n<\/xml><![endif]--><!-- [if gte mso 10]>\n\n\n\n<style>\n \/* Style Definitions *\/\ntable.MsoNormalTable\n{mso-style-name:\"Normale Tabelle\";\nmso-tstyle-rowband-size:0;\nmso-tstyle-colband-size:0;\nmso-style-noshow:yes;\nmso-style-parent:\"\";\nmso-padding-alt:0cm 5.4pt 0cm 5.4pt;\nmso-para-margin:0cm;\nmso-para-margin-bottom:.0001pt;\nmso-pagination:widow-orphan;\nfont-size:10.0pt;\nfont-family:\"Times New Roman\";\nmso-ansi-language:#0400;\nmso-fareast-language:#0400;\nmso-bidi-language:#0400;}\n<\/style>\n\n<![endif]--><!-- [if gte mso 9]><xml>\n<w:WordDocument>\n<w:View>Normal<\/w:View>\n<w:Zoom>0<\/w:Zoom>\n<w:HyphenationZone>21<\/w:HyphenationZone>\n<w:PunctuationKerning\/>\n<w:ValidateAgainstSchemas\/>\n<w:SaveIfXMLInvalid>false<\/w:SaveIfXMLInvalid>\n<w:IgnoreMixedContent>false<\/w:IgnoreMixedContent>\n<w:AlwaysShowPlaceholderText>false<\/w:AlwaysShowPlaceholderText>\n<w:Compatibility>\n<w:BreakWrappedTables\/>\n<w:SnapToGridInCell\/>\n<w:WrapTextWithPunct\/>\n<w:UseAsianBreakRules\/>\n<w:DontGrowAutofit\/>\n<\/w:Compatibility>\n<w:BrowserLevel>MicrosoftInternetExplorer4<\/w:BrowserLevel>\n<\/w:WordDocument>\n<\/xml><![endif]--><\/p>\n<p><!-- [if gte mso 9]><xml>\n<w:LatentStyles DefLockedState=\"false\" LatentStyleCount=\"156\">\n<\/w:LatentStyles>\n<\/xml><![endif]--><!-- [if gte mso 10]>\n\n\n\n<style>\n \/* Style Definitions *\/\ntable.MsoNormalTable\n{mso-style-name:\"Normale Tabelle\";\nmso-tstyle-rowband-size:0;\nmso-tstyle-colband-size:0;\nmso-style-noshow:yes;\nmso-style-parent:\"\";\nmso-padding-alt:0cm 5.4pt 0cm 5.4pt;\nmso-para-margin:0cm;\nmso-para-margin-bottom:.0001pt;\nmso-pagination:widow-orphan;\nfont-size:10.0pt;\nfont-family:\"Times New Roman\";\nmso-ansi-language:#0400;\nmso-fareast-language:#0400;\nmso-bidi-language:#0400;}\n<\/style>\n\n<![endif]--><strong>4 Farben \u2013 4 Typen: Kommunikation ohne Missverst\u00e4ndnisse<\/strong><\/p>\n<p><span style=\"font-family: arial,helvetica,sans-serif;\"><strong><span style=\"color: #cc0000;\">Warum?<\/span><\/strong> <\/span>WAS wir sagen ist wichtig. Noch wichtiger ist allerdings, WIE wir etwas sagen. Zwei Monologe werden nur dann zum Dialog, wenn beide Gespr\u00e4chsteilnehmer dieselbe Sprache sprechen.<br \/>\nUnd das hei\u00dft: Die eigenen Kommunikationsmuster (er-)kennen. Die Sprachmuster des Gegen\u00fcbers entschl\u00fcsseln. Den Kommunikationsstil den jeweiligen Gegebenheiten anpassen. Und damit nicht nur zueinander finden und einander verstehen, sondern auch das eigene Handlungs- und Kommunikationsrepertoire erweitern.<\/p>\n<p><span style=\"font-family: arial,helvetica,sans-serif;\"><strong><span style=\"color: #cc0000;\">Was?<\/span><\/strong> <\/span><strong>In diesem Workshop lernen und \u00fcben die TeilnehmerInnen<\/strong><\/p>\n<ul>\n<li>Einf\u00fchrung in das System der <strong>4-Farben-Sprache<\/strong><\/li>\n<li>individueller <strong>Typologietest<\/strong> plus Auswertung in der Gruppe<\/li>\n<li>\u00a0<strong>Zielgruppen<\/strong> anhand ihrer bevorzugten \u201eSprachorientierung\u201c zu definieren<\/li>\n<li>den <strong>\u201ementalen Bezugsrahmen\u201c<\/strong> von Gespr\u00e4chspartnerInnen zu erkennen<\/li>\n<li>\u00a0zu einem Thema 4 <strong>Zug\u00e4nge<\/strong> und 4 <strong>L\u00f6sungsvarianten<\/strong> zu finden<\/li>\n<li>4-Farben-Sprache im Berufsalltag anzuwenden: Im <strong>Dialog<\/strong>. Im <strong>Schriftverkehr<\/strong>.<\/li>\n<\/ul>\n<p style=\"text-align: left;\"><span style=\"font-family: arial,helvetica,sans-serif;\"><strong><span style=\"color: #cc0000;\">Wer?<\/span><\/strong> Dieser Workshop ist ideal, wenn Sie praxisnahe und alltagstaugliche Tipps und Tools suchen, um im direkten Gespr\u00e4ch und in der schriftlichen Kommunikation &#8222;punktgenau&#8220; zu kommunizieren.<\/span><\/p>\n<p style=\"text-align: left;\"><span style=\"font-family: arial,helvetica,sans-serif;\"><span style=\"color: #cc0000;\"><strong>Teilnehmerzahl:<\/strong><\/span> bis zu 8\u00a0TeilnehmerInnen <\/span><\/p>\n<p style=\"text-align: left;\"><span style=\"font-family: arial,helvetica,sans-serif;\"><span style=\"color: #cc0000;\"><strong>Dauer &amp; Form:<\/strong><\/span> <\/span><\/p>\n<p style=\"text-align: left;\"><span style=\"font-family: arial,helvetica,sans-serif;\"><strong>Kurzvariante<\/strong>: 4 Stunden: Powerpoint-Impulsvortrag mit 1 &#8211; 2 \u00dcbungseinheiten (Follow-up empfohlen)<\/span><\/p>\n<p style=\"text-align: left;\"><span style=\"font-family: arial,helvetica,sans-serif;\"><strong>1-Tages-Seminar:<\/strong> Workshop mit praxisnahen Arbeits- und \u00dcbungseinheiten; auf Wunsch auch<\/span><span style=\"font-family: arial,helvetica,sans-serif;\">\u00a0Text-Coaching (aktuelle Texte der TeilnehmerInnen)<br \/>\n<\/span><\/p>\n<p style=\"text-align: left;\"><span style=\"font-family: arial,helvetica,sans-serif;\"><span style=\"color: #cc0000;\"><strong>Kosten Firmen-\/Inhouse Seminare:<\/strong><\/span> Bitte kontaktieren Sie uns per Mail oder Telefon. Wir erstellen f\u00fcr Sie gerne ein individuelles Angebot \u2013 auf Ihre W\u00fcnsche und Bed\u00fcrfnisse zugeschnitten, basierend auf Teilnehmerzahl und Gruppenzusammensetzung.<br \/>\n<\/span><\/p>\n<p style=\"text-align: left;\"><span style=\"font-family: arial,helvetica,sans-serif;\">Das Angebot enth\u00e4lt s\u00e4mtliche Leistungen: Trainerhonorar und eventuell anfallende Spesen, Konzeption und Nachbereitung, ausf\u00fchrliche Seminarunterlagen und Feedbackb\u00f6gen.<\/span><\/p>\n<p>&nbsp;<\/p>\n<p>&nbsp;<\/p>\n","protected":false},"excerpt":{"rendered":"<p>4 Farben \u2013 4 Typen: Kommunikation ohne Missverst\u00e4ndnisse<\/p>\n","protected":false},"author":5,"featured_media":0,"parent":86,"menu_order":3,"comment_status":"closed","ping_status":"closed","template":"","meta":[],"_links":{"self":[{"href":"https:\/\/www.textundwort.at\/index.php?rest_route=\/wp\/v2\/pages\/1150"}],"collection":[{"href":"https:\/\/www.textundwort.at\/index.php?rest_route=\/wp\/v2\/pages"}],"about":[{"href":"https:\/\/www.textundwort.at\/index.php?rest_route=\/wp\/v2\/types\/page"}],"author":[{"embeddable":true,"href":"https:\/\/www.textundwort.at\/index.php?rest_route=\/wp\/v2\/users\/5"}],"replies":[{"embeddable":true,"href":"https:\/\/www.textundwort.at\/index.php?rest_route=%2Fwp%2Fv2%2Fcomments&post=1150"}],"version-history":[{"count":15,"href":"https:\/\/www.textundwort.at\/index.php?rest_route=\/wp\/v2\/pages\/1150\/revisions"}],"predecessor-version":[{"id":2063,"href":"https:\/\/www.textundwort.at\/index.php?rest_route=\/wp\/v2\/pages\/1150\/revisions\/2063"}],"up":[{"embeddable":true,"href":"https:\/\/www.textundwort.at\/index.php?rest_route=\/wp\/v2\/pages\/86"}],"wp:attachment":[{"href":"https:\/\/www.textundwort.at\/index.php?rest_route=%2Fwp%2Fv2%2Fmedia&parent=1150"}],"curies":[{"name":"wp","href":"https:\/\/api.w.org\/{rel}","templated":true}]}}