{"id":84,"date":"2009-03-28T13:14:49","date_gmt":"2009-03-28T12:14:49","guid":{"rendered":"http:\/\/www.textundwort.at\/?page_id=84"},"modified":"2011-06-08T14:37:14","modified_gmt":"2011-06-08T12:37:14","slug":"text-tuning","status":"publish","type":"page","link":"http:\/\/www.textundwort.at\/?page_id=84","title":{"rendered":"Text &#8211; Tuning"},"content":{"rendered":"<p><img loading=\"lazy\" class=\"alignright size-medium wp-image-459\" title=\"roter-faden\" src=\"http:\/\/www.textundwort.at\/wp-content\/uploads\/2009\/05\/roter-faden-228x255.jpg\" style=\"border:none;\" alt=\"roter-faden\" width=\"228\" height=\"255\" srcset=\"http:\/\/www.textundwort.at\/wp-content\/uploads\/2009\/05\/roter-faden-228x255.jpg 228w, http:\/\/www.textundwort.at\/wp-content\/uploads\/2009\/05\/roter-faden.jpg 305w\" sizes=\"(max-width: 228px) 100vw, 228px\" \/>Sie haben einen passablen Text &#8211; doch das \u201egewisse Etwas\u201c fehlt, das einen guten Text auszeichnet: Eine spannende \u00dcberschrift?<br \/>\nEin ungew\u00f6hnlicher Einstieg? Perfekte \u00dcberg\u00e4nge? Oder der rote Faden, der eine Geschichte erst so richtig rund macht?<br \/>\nUnser Text-Tuning-Angebot umfasst<\/p>\n<ul>\n<li>stilistische \u00dcberarbeitung und sprachlichen Feinschliff<br \/>\nbei neuen Texten,<\/li>\n<li>\u201eEntschlackungskur\u201c und Aktualisierung von Texten,<br \/>\ndie schon l\u00e4nger in Verwendung sind,<\/li>\n<li>Neugliederung und\/oder Modifikation im Textaufbau,<\/li>\n<li>Umarbeitung in ein anderes Text-Genre (z.B. Medienaussendung in Online-Text),<\/li>\n<li>auf Wunsch Online-Express-Service (Lieferung innerhalb<br \/>\nvon 48 Stunden).<\/li>\n<\/ul>\n","protected":false},"excerpt":{"rendered":"<p>Sie haben einen passablen Text &#8211; doch das \u201egewisse Etwas\u201c fehlt, das einen guten Text auszeichnet: Eine spannende \u00dcberschrift? Ein ungew\u00f6hnlicher Einstieg? Perfekte \u00dcberg\u00e4nge? Oder der rote Faden, der eine Geschichte erst so richtig rund macht? Unser Text-Tuning-Angebot umfasst stilistische \u00dcberarbeitung und sprachlichen Feinschliff bei neuen Texten, \u201eEntschlackungskur\u201c und Aktualisierung von Texten, die schon l\u00e4nger [&hellip;]<\/p>\n","protected":false},"author":1,"featured_media":0,"parent":56,"menu_order":3,"comment_status":"closed","ping_status":"closed","template":"tmpl_teaserseite.php","meta":[],"_links":{"self":[{"href":"http:\/\/www.textundwort.at\/index.php?rest_route=\/wp\/v2\/pages\/84"}],"collection":[{"href":"http:\/\/www.textundwort.at\/index.php?rest_route=\/wp\/v2\/pages"}],"about":[{"href":"http:\/\/www.textundwort.at\/index.php?rest_route=\/wp\/v2\/types\/page"}],"author":[{"embeddable":true,"href":"http:\/\/www.textundwort.at\/index.php?rest_route=\/wp\/v2\/users\/1"}],"replies":[{"embeddable":true,"href":"http:\/\/www.textundwort.at\/index.php?rest_route=%2Fwp%2Fv2%2Fcomments&post=84"}],"version-history":[{"count":15,"href":"http:\/\/www.textundwort.at\/index.php?rest_route=\/wp\/v2\/pages\/84\/revisions"}],"predecessor-version":[{"id":899,"href":"http:\/\/www.textundwort.at\/index.php?rest_route=\/wp\/v2\/pages\/84\/revisions\/899"}],"up":[{"embeddable":true,"href":"http:\/\/www.textundwort.at\/index.php?rest_route=\/wp\/v2\/pages\/56"}],"wp:attachment":[{"href":"http:\/\/www.textundwort.at\/index.php?rest_route=%2Fwp%2Fv2%2Fmedia&parent=84"}],"curies":[{"name":"wp","href":"https:\/\/api.w.org\/{rel}","templated":true}]}}

<p><img loading="lazy" class="alignright size-medium wp-image-459" title="roter-faden" src="http://www.textundwort.at/wp-content/uploads/2009/05/roter-faden-228x255.jpg" style="border:none;" alt="roter-faden" width="228" height="255" srcset="http://www.textundwort.at/wp-content/uploads/2009/05/roter-faden-228x255.jpg 228w, http://www.textundwort.at/wp-content/uploads/2009/05/roter-faden.jpg 305w" sizes="(max-width: 228px) 100vw, 228px" />Sie haben einen passablen Text &#8211; doch das „gewisse Etwas“ fehlt, das einen guten Text auszeichnet: Eine spannende Überschrift?<br />
Ein ungewöhnlicher Einstieg? Perfekte Übergänge? Oder der rote Faden, der eine Geschichte erst so richtig rund macht?<br />
Unser Text-Tuning-Angebot umfasst</p>
<ul>
<li>stilistische Überarbeitung und sprachlichen Feinschliff<br />
bei neuen Texten,</li>
<li>„Entschlackungskur“ und Aktualisierung von Texten,<br />
die schon länger in Verwendung sind,</li>
<li>Neugliederung und/oder Modifikation im Textaufbau,</li>
<li>Umarbeitung in ein anderes Text-Genre (z.B. Medienaussendung in Online-Text),</li>
<li>auf Wunsch Online-Express-Service (Lieferung innerhalb<br />
von 48 Stunden).</li>
</ul>

<p>Sie haben einen passablen Text &#8211; doch das „gewisse Etwas“ fehlt, das einen guten Text auszeichnet: Eine spannende Überschrift? Ein ungewöhnlicher Einstieg? Perfekte Übergänge? Oder der rote Faden, der eine Geschichte erst so richtig rund macht? Unser Text-Tuning-Angebot umfasst stilistische Überarbeitung und sprachlichen Feinschliff bei neuen Texten, „Entschlackungskur“ und Aktualisierung von Texten, die schon länger [&hellip;]</p>
