{"id":78,"date":"2009-03-28T13:13:17","date_gmt":"2009-03-28T12:13:17","guid":{"rendered":"http:\/\/www.textundwort.at\/?page_id=78"},"modified":"2013-06-27T08:13:03","modified_gmt":"2013-06-27T06:13:03","slug":"horbar-machen-sichtbar-werden","status":"publish","type":"page","link":"http:\/\/www.textundwort.at\/?page_id=78","title":{"rendered":"PR Basisseminar: H\u00f6rbar machen &#8211; sichtbar werden"},"content":{"rendered":"<p style=\"text-align: left;\"><strong>Der Workshop f\u00fcr TouristikerInnen, die PR als Marketinginstrument professionell nutzen wollen.<\/strong><\/p>\n<p><span style=\"font-family: arial, helvetica, sans-serif; font-size: small;\"><strong><span style=\"color: #cc0000;\">Unser Ziel<\/span><\/strong><\/span><\/p>\n<p>Die TeilnehmerInnen lernen, Informationen f\u00fcr Medien so professionell aufzubereiten, dass JournalistInnen sie gerne und h\u00e4ufig benutzen: aussagekr\u00e4ftige, zielgruppenad\u00e4quate Texte mit aktuellen und f\u00fcr Medienvertreter relevanten Informationen, optimal gegliedert und in Form gebracht.<\/p>\n<p><span style=\"font-family: arial, helvetica, sans-serif; font-size: small;\"><strong><span style=\"color: #cc0000;\">Unsere Inhalte<\/span><\/strong><\/span><\/p>\n<ul>\n<li><strong>Meinungsmacher und Multiplikatoren:<\/strong> Welchen Stellenwert haben Medien als Informations-Verteiler im Marketingmix?<\/li>\n<li><strong>Erster Adressat:<\/strong> Die Journalistin\/der Journalist. Welche <strong>Anspr\u00fcche<\/strong> haben <strong>MedienmacherInnen<\/strong>? Was erwarten, ben\u00f6tigen, erhoffen sie sich? Welche Meldung ist eine \u201eMeldung\u201c Wert?<\/li>\n<li><strong>Optimaler Aufbau:<\/strong> Welche Kriterien muss ein Text erf\u00fcllen, damit er ver\u00f6ffentlicht wird? Wie erleichtere ich JournalistInnen ihre Arbeit?<\/li>\n<li>Zweiter Adressat: <strong>Die Leserin\/der Leser?<\/strong>!\u00a0 Welche Zielgruppe spricht das von mir gew\u00e4hlte Medium an? Welcher <strong>Urlaubertypologie<\/strong> ist diese Zielgruppe zuzuordnen? Mit welchen Angeboten kann ich in dieser Zielgruppe punkten?<\/li>\n<li><strong>Medienarbeit<\/strong> als \u201eMarketingtool\u201c: je besser die Betreuung, desto gr\u00f6\u00dfer die <strong>Bereitschaft zur Kooperation<\/strong> \u2013 pers\u00f6nlicher Kontakt, Mediengespr\u00e4ch, Medienreise (Motto: richtiger Umgang mit JournalistInnen).<\/li>\n<\/ul>\n<p><span style=\"font-family: arial, helvetica, sans-serif; font-size: small;\"><strong><span style=\"color: #cc0000;\">Unser Angebot<\/span><\/strong><\/span><br \/>\n<strong><\/strong><\/p>\n<p><strong>Workshop<\/strong>, 1 Tag, mit praxisnahen \u00dcbungstexten aus dem Arbeitsalltag der TeilnehmerInnen<br \/>\n<strong> <\/strong><\/p>\n<p><strong>Text-Tuning<\/strong> &#8211; Optimierung aktueller Medien- und Marketingtexte<\/p>\n<p><span><span style=\"color: #cc0000;\"><strong>Teilnehmerzahl:<\/strong><\/span> <\/span><span>Max. 15 TeilnehmerInnen bei einer Trainerin. Ab 10 TeilnehmerInnen empfehlen wir zwei Trainerinnen (ist besonders f\u00fcr Schreib-Coachings und Feedback-Runden von Vorteil).<\/span><\/p>\n<p><span style=\"font-family: arial,helvetica,sans-serif;\"><span style=\"color: #cc0000;\"><strong>Kosten Firmen-\/Inhouse Seminare:<\/strong><\/span> <\/span><\/p>\n<p>Bitte kontaktieren Sie uns per Mail oder Telefon. Wir erstellen f\u00fcr Sie gerne ein individuelles Angebot &#8211; auf Ihre W\u00fcnsche und Bed\u00fcrfnisse zugeschnitten, basierend auf Teilnehmerzahl und Gruppenzusammensetzung.<\/p>\n<p style=\"text-align: left;\">Das Angebot enth\u00e4lt s\u00e4mtliche Leistungen: Trainerhonorar und eventuell anfallende Spesen, Konzeption und Nachbereitung, ausf\u00fchrliche Seminarunterlagen und Feedbackb\u00f6gen.<\/p>\n","protected":false},"excerpt":{"rendered":"<p>Das Seminar f\u00fcr TouristikerInnen, die Medienarbeit als Marketinginstrument professionell und optimal nutzen wollen.<\/p>\n","protected":false},"author":1,"featured_media":0,"parent":1309,"menu_order":1,"comment_status":"closed","ping_status":"closed","template":"","meta":[],"_links":{"self":[{"href":"http:\/\/www.textundwort.at\/index.php?rest_route=\/wp\/v2\/pages\/78"}],"collection":[{"href":"http:\/\/www.textundwort.at\/index.php?rest_route=\/wp\/v2\/pages"}],"about":[{"href":"http:\/\/www.textundwort.at\/index.php?rest_route=\/wp\/v2\/types\/page"}],"author":[{"embeddable":true,"href":"http:\/\/www.textundwort.at\/index.php?rest_route=\/wp\/v2\/users\/1"}],"replies":[{"embeddable":true,"href":"http:\/\/www.textundwort.at\/index.php?rest_route=%2Fwp%2Fv2%2Fcomments&post=78"}],"version-history":[{"count":32,"href":"http:\/\/www.textundwort.at\/index.php?rest_route=\/wp\/v2\/pages\/78\/revisions"}],"predecessor-version":[{"id":1415,"href":"http:\/\/www.textundwort.at\/index.php?rest_route=\/wp\/v2\/pages\/78\/revisions\/1415"}],"up":[{"embeddable":true,"href":"http:\/\/www.textundwort.at\/index.php?rest_route=\/wp\/v2\/pages\/1309"}],"wp:attachment":[{"href":"http:\/\/www.textundwort.at\/index.php?rest_route=%2Fwp%2Fv2%2Fmedia&parent=78"}],"curies":[{"name":"wp","href":"https:\/\/api.w.org\/{rel}","templated":true}]}}

PR Basisseminar: Hörbar machen &#8211; sichtbar werden

<p style="text-align: left;"><strong>Der Workshop für TouristikerInnen, die PR als Marketinginstrument professionell nutzen wollen.</strong></p>
<p><span style="font-family: arial, helvetica, sans-serif; font-size: small;"><strong><span style="color: #cc0000;">Unser Ziel</span></strong></span></p>
<p>Die TeilnehmerInnen lernen, Informationen für Medien so professionell aufzubereiten, dass JournalistInnen sie gerne und häufig benutzen: aussagekräftige, zielgruppenadäquate Texte mit aktuellen und für Medienvertreter relevanten Informationen, optimal gegliedert und in Form gebracht.</p>
<p><span style="font-family: arial, helvetica, sans-serif; font-size: small;"><strong><span style="color: #cc0000;">Unsere Inhalte</span></strong></span></p>
<ul>
<li><strong>Meinungsmacher und Multiplikatoren:</strong> Welchen Stellenwert haben Medien als Informations-Verteiler im Marketingmix?</li>
<li><strong>Erster Adressat:</strong> Die Journalistin/der Journalist. Welche <strong>Ansprüche</strong> haben <strong>MedienmacherInnen</strong>? Was erwarten, benötigen, erhoffen sie sich? Welche Meldung ist eine „Meldung“ Wert?</li>
<li><strong>Optimaler Aufbau:</strong> Welche Kriterien muss ein Text erfüllen, damit er veröffentlicht wird? Wie erleichtere ich JournalistInnen ihre Arbeit?</li>
<li>Zweiter Adressat: <strong>Die Leserin/der Leser?</strong>!  Welche Zielgruppe spricht das von mir gewählte Medium an? Welcher <strong>Urlaubertypologie</strong> ist diese Zielgruppe zuzuordnen? Mit welchen Angeboten kann ich in dieser Zielgruppe punkten?</li>
<li><strong>Medienarbeit</strong> als „Marketingtool“: je besser die Betreuung, desto größer die <strong>Bereitschaft zur Kooperation</strong> – persönlicher Kontakt, Mediengespräch, Medienreise (Motto: richtiger Umgang mit JournalistInnen).</li>
</ul>
<p><span style="font-family: arial, helvetica, sans-serif; font-size: small;"><strong><span style="color: #cc0000;">Unser Angebot</span></strong></span><br />
<strong></strong></p>
<p><strong>Workshop</strong>, 1 Tag, mit praxisnahen Übungstexten aus dem Arbeitsalltag der TeilnehmerInnen<br />
<strong> </strong></p>
<p><strong>Text-Tuning</strong> &#8211; Optimierung aktueller Medien- und Marketingtexte</p>
<p><span><span style="color: #cc0000;"><strong>Teilnehmerzahl:</strong></span> </span><span>Max. 15 TeilnehmerInnen bei einer Trainerin. Ab 10 TeilnehmerInnen empfehlen wir zwei Trainerinnen (ist besonders für Schreib-Coachings und Feedback-Runden von Vorteil).</span></p>
<p><span style="font-family: arial,helvetica,sans-serif;"><span style="color: #cc0000;"><strong>Kosten Firmen-/Inhouse Seminare:</strong></span> </span></p>
<p>Bitte kontaktieren Sie uns per Mail oder Telefon. Wir erstellen für Sie gerne ein individuelles Angebot &#8211; auf Ihre Wünsche und Bedürfnisse zugeschnitten, basierend auf Teilnehmerzahl und Gruppenzusammensetzung.</p>
<p style="text-align: left;">Das Angebot enthält sämtliche Leistungen: Trainerhonorar und eventuell anfallende Spesen, Konzeption und Nachbereitung, ausführliche Seminarunterlagen und Feedbackbögen.</p>

<p>Das Seminar für TouristikerInnen, die Medienarbeit als Marketinginstrument professionell und optimal nutzen wollen.</p>
