{"id":770,"date":"2011-03-07T10:05:34","date_gmt":"2011-03-07T09:05:34","guid":{"rendered":"http:\/\/www.textundwort.at\/?page_id=770"},"modified":"2015-09-14T11:28:45","modified_gmt":"2015-09-14T09:28:45","slug":"beziehungs-balance","status":"publish","type":"page","link":"http:\/\/www.textundwort.at\/?page_id=770","title":{"rendered":"Ladies only: Erfolgsfaktor Beziehungsmanagement"},"content":{"rendered":"<p style=\"text-align: left;\"><span style=\"font-family: arial,helvetica,sans-serif;\"><strong>Beziehungs-Balance: Vom St\u00f6rfaktor zur Kraftquelle<\/strong><\/span><!-- [if gte mso 9]><xml>\n<w:WordDocument>\n<w:View>Normal<\/w:View>\n<w:Zoom>0<\/w:Zoom>\n<w:HyphenationZone>21<\/w:HyphenationZone>\n<w:PunctuationKerning\/>\n<w:ValidateAgainstSchemas\/>\n<w:SaveIfXMLInvalid>false<\/w:SaveIfXMLInvalid>\n<w:IgnoreMixedContent>false<\/w:IgnoreMixedContent>\n<w:AlwaysShowPlaceholderText>false<\/w:AlwaysShowPlaceholderText>\n<w:Compatibility>\n<w:BreakWrappedTables\/>\n<w:SnapToGridInCell\/>\n<w:WrapTextWithPunct\/>\n<w:UseAsianBreakRules\/>\n<w:DontGrowAutofit\/>\n<\/w:Compatibility>\n<w:BrowserLevel>MicrosoftInternetExplorer4<\/w:BrowserLevel>\n<\/w:WordDocument>\n<\/xml><![endif]--><\/p>\n<p style=\"text-align: left;\"><span style=\"font-family: arial,helvetica,sans-serif;\"><strong><span style=\"color: #cc0000;\">Warum?<\/span><\/strong> <\/span><span style=\"font-family: arial,helvetica,sans-serif;\">Work-Life-Balance gewinnt zunehmend an Bedeutung. Der Einfluss von Beziehungen auf die Arbeitsleistung wird allerdings nur selten thematisiert. Doch \u00c4rger in der Familie und\/oder Kommunikationsprobleme am Arbeitsplatz beeinflussen nicht nur das seelische und k\u00f6rperliche Wohlbefinden &#8211; sie wirken sich auch direkt auf unsere Konzentrationsf\u00e4higkeit und Motivation im Job aus. <\/span><span style=\"font-family: arial, helvetica, sans-serif;\">\u201eBeziehungs-Balance\u201c ist daher angesagt, \u201ebewusstes Beziehungsmanagement\u201c<\/span><\/p>\n<p style=\"text-align: left;\"><span style=\"font-family: arial,helvetica,sans-serif;\"> Der erste Schritt dazu: Ziehen Sie Beziehungs-Bilanz. Wer sind die Energie-Spender in Ihrem Leben, wer die Energie-Vampire? Wer raubt Ihnen Kraft und wer unterst\u00fctzt Sie? Lernen Sie, auf die eigene Beziehungs-Balance zu achten, indem Sie Beziehungen bewusst (er-)leben und als Kraftquelle f\u00fcr den Alltag nutzen.<\/span><\/p>\n<p style=\"text-align: left;\"><span style=\"font-family: arial,helvetica,sans-serif;\"><span style=\"color: #cc0000;\"><strong>Was?<\/strong><\/span> <strong>In diesem Workshop lernen und \u00fcben Sie<\/strong><\/span><\/p>\n<ul style=\"text-align: left;\">\n<li><span style=\"font-family: arial,helvetica,sans-serif;\">zu erkennen, welchen <strong>Einfluss<\/strong> Ihre (Liebes-)Beziehungen auf Ihr <strong>Wohlbefinden<\/strong>, \u00a0 \u00a0 \u00a0 \u00a0 \u00a0 \u00a0 \u00a0 \u00a0 \u00a0 \u00a0 \u00a0 \u00a0 \u00a0 \u00a0 \u00a0 \u00a0 \u00a0 \u00a0 \u00a0 Ihr Selbstbewusstsein und Ihre <strong>Arbeitsleistung<\/strong> haben,<\/span><\/li>\n<li><span style=\"font-family: arial,helvetica,sans-serif;\"><strong>Bilanz<\/strong> zu ziehen dar\u00fcber, wer Sie st\u00e4rkt und wer Sie schw\u00e4cht,<\/span><\/li>\n<li><span style=\"font-family: arial,helvetica,sans-serif;\">versteckte <strong>Ressourcen<\/strong> zu finden und sie zu nutzen,<\/span><\/li>\n<li><span style=\"font-family: arial,helvetica,sans-serif;\"><strong>Kraft<\/strong> zu <strong>sammeln<\/strong>, um sich in Zukunft von \u201eEnergie-Vampiren\u201c abzugrenzen,<\/span><\/li>\n<li><span style=\"font-family: arial,helvetica,sans-serif;\">Ihr pers\u00f6nliches \u201eBeziehungs-Geflecht\u201c zu <strong>optimieren<\/strong> und Ihr Beziehungsleben <strong>in Balance<\/strong> zu bringen.<\/span><\/li>\n<\/ul>\n<p style=\"text-align: left;\"><span style=\"font-family: arial,helvetica,sans-serif;\"><span style=\"color: #cc0000;\"><strong>Wer?<\/strong><\/span> Dieser Workshop ist ideal, wenn Ihre Beziehungen Sie Energie kosten statt Ihnen Kraft zu geben, und Sie diesen Zustand aktiv ver\u00e4ndern wollen.<\/span><\/p>\n<p style=\"text-align: left;\"><span style=\"font-family: arial,helvetica,sans-serif;\"><span style=\"color: #cc0000;\"><strong>Gruppengr\u00f6\u00dfe:<\/strong><\/span> bis zu 15 Teilnehmerinnen<\/span><\/p>\n<p style=\"text-align: left;\"><span style=\"font-family: arial,helvetica,sans-serif;\"><span style=\"color: #cc0000;\"><strong>Form &amp; Dauer:<\/strong><\/span> <\/span><\/p>\n<p style=\"text-align: left;\"><strong style=\"font-family: arial, helvetica, sans-serif;\">1-Tages-Seminar:<\/strong><span style=\"font-family: arial, helvetica, sans-serif;\"> Workshop mit praxisnahen Arbeits- und \u00dcbungseinheiten<\/span><\/p>\n<p style=\"text-align: left;\"><span style=\"font-family: arial,helvetica,sans-serif;\"><span style=\"font-family: arial,helvetica,sans-serif;\"><strong>2-Tages-Intensiv-Workshop<\/strong>: kurze Impulsreferate, <\/span><\/span><span style=\"font-family: arial,helvetica,sans-serif;\"><span style=\"font-family: arial,helvetica,sans-serif;\"><span style=\"font-family: arial,helvetica,sans-serif;\">Einzel- und Kleingruppenarbeiten, Austausch in Kleingruppen, Diskussions- und Feedbackrunden<\/span> <\/span>(Schwerpunkt: eigene Erfahrungswelt)\u00a0<\/span><\/p>\n<p style=\"text-align: left;\"><span style=\"font-family: arial,helvetica,sans-serif;\"><span style=\"color: #cc0000;\"><strong>Zusatzangebot \u2013 Transferimpulse und pers\u00f6nliche Nachbetreuung:<\/strong><\/span><br \/>\n1. Nach-Intervention mittels w\u00f6chentlichem E-Mail-Newsletter zu den Workshopthemen mit Infos und Tipps f\u00fcr die Teilnehmerinnen, M\u00f6glichkeit f\u00fcr R\u00fcckfragen per Mail. Dauer: 8 &#8211; 12 Wochen<br \/>\n2. Pers\u00f6nliche Nachbetreuungs-Gespr\u00e4che, 4 und\/oder 8 und\/oder 12 Wochen nach dem Workshop<\/span><\/p>\n<p style=\"text-align: left;\"><span style=\"font-family: arial,helvetica,sans-serif;\"><span style=\"color: #cc0000;\"><strong>Kosten Firmen-\/Inhouse Seminare: <\/strong><\/span>Bitte kontaktieren Sie uns per Mail oder Telefon. Wir erstellen f\u00fcr Sie gerne ein individuelles Angebot &#8211; auf Ihre W\u00fcnsche und Bed\u00fcrfnisse zugeschnitten, basierend auf Teilnehmerzahl und Gruppenzusammensetzung.<\/span><\/p>\n<p style=\"text-align: left;\"><span style=\"font-family: arial,helvetica,sans-serif;\">Das Angebot enth\u00e4lt s\u00e4mtliche Leistungen: Trainerhonorar und eventuell anfallende Spesen, Konzeption und Nachbereitung, ausf\u00fchrliche Seminarunterlagen und Feedbackb\u00f6gen.<\/span><\/p>\n","protected":false},"excerpt":{"rendered":"<p>So bringen Sie Ihr berufliches und privates Beziehungs-Leben ins Gleichgewicht.<\/p>\n","protected":false},"author":3,"featured_media":0,"parent":762,"menu_order":3,"comment_status":"closed","ping_status":"closed","template":"","meta":[],"_links":{"self":[{"href":"http:\/\/www.textundwort.at\/index.php?rest_route=\/wp\/v2\/pages\/770"}],"collection":[{"href":"http:\/\/www.textundwort.at\/index.php?rest_route=\/wp\/v2\/pages"}],"about":[{"href":"http:\/\/www.textundwort.at\/index.php?rest_route=\/wp\/v2\/types\/page"}],"author":[{"embeddable":true,"href":"http:\/\/www.textundwort.at\/index.php?rest_route=\/wp\/v2\/users\/3"}],"replies":[{"embeddable":true,"href":"http:\/\/www.textundwort.at\/index.php?rest_route=%2Fwp%2Fv2%2Fcomments&post=770"}],"version-history":[{"count":32,"href":"http:\/\/www.textundwort.at\/index.php?rest_route=\/wp\/v2\/pages\/770\/revisions"}],"predecessor-version":[{"id":1774,"href":"http:\/\/www.textundwort.at\/index.php?rest_route=\/wp\/v2\/pages\/770\/revisions\/1774"}],"up":[{"embeddable":true,"href":"http:\/\/www.textundwort.at\/index.php?rest_route=\/wp\/v2\/pages\/762"}],"wp:attachment":[{"href":"http:\/\/www.textundwort.at\/index.php?rest_route=%2Fwp%2Fv2%2Fmedia&parent=770"}],"curies":[{"name":"wp","href":"https:\/\/api.w.org\/{rel}","templated":true}]}}