{"id":76,"date":"2009-03-28T13:12:38","date_gmt":"2009-03-28T12:12:38","guid":{"rendered":"http:\/\/www.textundwort.at\/?page_id=76"},"modified":"2013-06-26T20:19:42","modified_gmt":"2013-06-26T18:19:42","slug":"tourismustexte-die-ankommen","status":"publish","type":"page","link":"http:\/\/www.textundwort.at\/?page_id=76","title":{"rendered":"Basisseminar: Tourismustexte, die ankommen"},"content":{"rendered":"<p style=\"text-align: left;\"><span style=\"font-family: arial,helvetica,sans-serif;\"><strong>Der Workshop f\u00fcr TouristikerInnen, die die Qualit\u00e4t ihrer schriftlichen Kommunikation optimieren wollen.<\/strong><\/span><\/p>\n<p><span style=\"font-family: arial,helvetica,sans-serif;\"><strong><span style=\"color: #cc0000;\">Unser Ziel<\/span><\/strong><\/span><\/p>\n<p>Die TeilnehmerInnen lernen, Texte zu schreiben (bzw. vorhandene Texte\/Auftragstexte zu beurteilen), die authentisch klingen, sich von den Texten der Mitbewerber unterscheiden und vielseitig als Marketingtool einsetzbar sind. Zum handwerklichen R\u00fcstzeug f\u00fcr gute Tourismus-Texte kommt der sprachliche und stilistische Feinschliff.<\/p>\n<p><span style=\"font-family: arial,helvetica,sans-serif;\"><strong><span style=\"color: #cc0000;\">Unsere Inhalte<\/span><\/strong><\/span><\/p>\n<ul>\n<li>Welche <strong>G\u00e4stegruppen<\/strong> sprechen wir an (Urlaubertypologie)? Mit welcher Wortwahl machen wir sie auf unser <strong>Angebot aufmerksam<\/strong>? Welche Themen und <strong>Aspekte der Inszenierung<\/strong> sollten dabei im Vordergrund stehen?<\/li>\n<\/ul>\n<ul>\n<li>Gute Texte schmeicheln dem <strong>Verstand<\/strong>, sch\u00f6ne Texte auch dem <strong>Gef\u00fchl<\/strong>: <strong>Was<\/strong> <strong>zeichnet<\/strong> einen guten <strong>Tourismus-Text aus<\/strong>? Klar gliedern \u2013 zielgruppengerecht formulieren \u2013 kreativ \u00fcberraschen.<\/li>\n<\/ul>\n<ul>\n<li><strong>Attraktions-Management<\/strong>: Der Gast will wissen, was er bekommt \u2013 wie l\u00e4sst sich <strong>Kundennutzen<\/strong> im freien Wettbewerb wirkungsvoll kommunizieren?<\/li>\n<\/ul>\n<ul>\n<li>Im Blickpunkt: Welche <strong>Besonderheiten<\/strong> des Betriebs, des Ortes und\/oder der Region lassen sich wirkungsvoll <strong>ins Rampenlicht<\/strong> stellen?\u00a0 Was sind wichtige, was sind weniger wichtige Informationen?<\/li>\n<\/ul>\n<ul>\n<li>Information + Emotion = <strong>Stimulation<\/strong>: Wie kann ich die Leserin\/den Leser <strong>mit allen Sinnen ansprechen<\/strong>? Welche Geschichten wecken die Neugier, aktivieren das Kopfkino, lassen Sehnsucht aufkommen?<\/li>\n<\/ul>\n<p><span style=\"font-family: arial,helvetica,sans-serif;\"><strong><span style=\"color: #cc0000;\">Unser Angebot<br \/>\n<\/span><\/strong><\/span><\/p>\n<p><strong>Workshop<\/strong>, 1 Tag, mit praxisnahen \u00dcbungstexten aus dem Arbeitsalltag der TeilnehmerInnen<\/p>\n<p><strong>Text-Tuning <\/strong>&#8211; Optimierung aktueller Tourismustexte<\/p>\n<p><span><span style=\"color: #cc0000;\"><strong>Teilnehmerzahl:<\/strong><\/span> Max. 15 TeilnehmerInnen bei einer Trainerin. Ab 10 TeilnehmerInnen empfehlen wir zwei Trainerinnen (ist besonders f\u00fcr Schreib-Coachings und Feedback-Runden von Vorteil).<br \/>\n<\/span><\/p>\n<p><span style=\"font-family: arial,helvetica,sans-serif;\"><span style=\"color: #cc0000;\"><strong>Kosten Firmen-\/Inhouse Seminare:<\/strong><\/span> <\/span>Bitte kontaktieren Sie uns per Mail oder Telefon. Wir erstellen f\u00fcr Sie gerne ein individuelles Angebot &#8211; auf Ihre W\u00fcnsche und Bed\u00fcrfnisse zugeschnitten, basierend auf Teilnehmerzahl und Gruppenzusammensetzung.<\/p>\n<p style=\"text-align: left;\"><span style=\"font-family: arial,helvetica,sans-serif;\"> Das Angebot enth\u00e4lt s\u00e4mtliche Leistungen: Trainerhonorar und eventuell anfallende Spesen, Konzeption und Nachbereitung, ausf\u00fchrliche Seminarunterlagen und Feedbackb\u00f6gen.<br \/>\n<\/span><\/p>\n","protected":false},"excerpt":{"rendered":"<p>Das Seminar f\u00fcr TouristikerInnen, die die Qualit\u00e4t ihrer schriftlichen Kommunikation optimieren wollen.<\/p>\n","protected":false},"author":1,"featured_media":0,"parent":80,"menu_order":1,"comment_status":"closed","ping_status":"closed","template":"","meta":[],"_links":{"self":[{"href":"http:\/\/www.textundwort.at\/index.php?rest_route=\/wp\/v2\/pages\/76"}],"collection":[{"href":"http:\/\/www.textundwort.at\/index.php?rest_route=\/wp\/v2\/pages"}],"about":[{"href":"http:\/\/www.textundwort.at\/index.php?rest_route=\/wp\/v2\/types\/page"}],"author":[{"embeddable":true,"href":"http:\/\/www.textundwort.at\/index.php?rest_route=\/wp\/v2\/users\/1"}],"replies":[{"embeddable":true,"href":"http:\/\/www.textundwort.at\/index.php?rest_route=%2Fwp%2Fv2%2Fcomments&post=76"}],"version-history":[{"count":38,"href":"http:\/\/www.textundwort.at\/index.php?rest_route=\/wp\/v2\/pages\/76\/revisions"}],"predecessor-version":[{"id":150,"href":"http:\/\/www.textundwort.at\/index.php?rest_route=\/wp\/v2\/pages\/76\/revisions\/150"}],"up":[{"embeddable":true,"href":"http:\/\/www.textundwort.at\/index.php?rest_route=\/wp\/v2\/pages\/80"}],"wp:attachment":[{"href":"http:\/\/www.textundwort.at\/index.php?rest_route=%2Fwp%2Fv2%2Fmedia&parent=76"}],"curies":[{"name":"wp","href":"https:\/\/api.w.org\/{rel}","templated":true}]}}