{"id":2025,"date":"2016-07-17T19:48:45","date_gmt":"2016-07-17T17:48:45","guid":{"rendered":"http:\/\/www.textundwort.at\/?page_id=2025"},"modified":"2019-10-22T09:05:07","modified_gmt":"2019-10-22T07:05:07","slug":"aufbauworkshop-kreatives-schreiben-lustvolles-texten","status":"publish","type":"page","link":"http:\/\/www.textundwort.at\/?page_id=2025","title":{"rendered":"Aufbauworkshop: Kreatives Schreiben &#8211; lustvolles Texten"},"content":{"rendered":"<p><strong>Schreiblust statt Schreibfrust \u2013 lebendige Texte mit dem \u201egewissen Etwas\u201c<\/strong><\/p>\n<p style=\"text-align: left;\"><span style=\"font-family: arial,helvetica,sans-serif;\"><strong><span style=\"color: #cc0000;\">Warum?<\/span><\/strong> <\/span>Worte, die begeistern \u2013 Texte, die komplexe Informationen auf den Punkt bringen \u2013 Eindrucksvolle Metaphern, die aus banalen S\u00e4tzen starke Aussagen machen. Wer das \u201e1 x 1 des kreativen Schreibens\u201c beherrscht, verleitet seine KundInnen zum Lesen \u2013 trotz Info-Flut und Daten-Stress. Denn lebendige Texte mit dem \u201egewissen Etwas\u201c schmeicheln dem Verstand \u2013 und aktivieren das Gef\u00fchl. Frei nach dem Motto: Information + Emotion ergibt Stimulation. Kreative Schreib-Techniken und starke Text-Werkzeuge helfen dabei, Ihre Phantasie anzuregen \u2013 und Ihren individuellen Schreibstil zu optimieren.<\/p>\n<p>Entwickeln Sie Ihr kreatives Schreib-Potenzial. Lernen und \u00fcben Sie in diesem Workshop, ihre kreativen Geister zu wecken, um Leben in Ihre Texte zu bringen. Und erleben Sie dabei, wie lustvoll es sein kann, mit Worten zu spielen und mit allen Sinnen zu schreiben.<\/p>\n<p style=\"text-align: left;\"><span style=\"font-family: arial,helvetica,sans-serif;\"><strong><span style=\"color: #cc0000;\">Was?<\/span><\/strong> <strong>In diesem Workshop lernen und \u00fcben die TeilnehmerInnen<\/strong><\/span><\/p>\n<ul style=\"text-align: left;\">\n<li style=\"list-style-type: none;\">\n<ul style=\"text-align: left;\">\n<li><span style=\"font-family: arial,helvetica,sans-serif;\">ihre <strong>Kreativit\u00e4t<\/strong> anzuregen und ihren Wortschatz zu erweitern<\/span><\/li>\n<li>ihren individuellen <strong>Schreibstil<\/strong> (Ausdrucksf\u00e4higkeit, Sprachvielfalt) zu optimieren<\/li>\n<li><span style=\"font-family: arial,helvetica,sans-serif;\">unterschiedliche <strong>Textarten<\/strong> und Stile gezielt einzusetzen<\/span><\/li>\n<li>Phrasen und Klischees in <strong>eindrucksvolle Metaphern<\/strong> zu verwandeln<\/li>\n<li>ihre <strong>Phantasie<\/strong> frei flie\u00dfen zu lassen (kreative Schreibtechniken)<\/li>\n<li><span style=\"font-family: arial,helvetica,sans-serif;\"><strong>lustvoll<\/strong> mit Worten zu spielen und <strong>sinnlich-anregende<\/strong> Texte zu schreiben<\/span><\/li>\n<\/ul>\n<\/li>\n<\/ul>\n<p style=\"text-align: left;\"><span style=\"font-family: arial,helvetica,sans-serif;\"><strong><span style=\"color: #cc0000;\">Wer?<\/span><\/strong> Dieser Kreativ-Workshop ist ideal, wenn Sie ebenso ansprechende wie anspruchsvolle Texte mit dem \u201egewissen Etwas\u201c schreiben wollen.<\/span><\/p>\n<p style=\"text-align: left;\"><span style=\"font-family: arial,helvetica,sans-serif;\"><span style=\"color: #cc0000;\"><strong>Teilnehmerzahl:<\/strong><\/span> bis zu 15 TeilnehmerInnen <\/span><\/p>\n<p style=\"text-align: left;\"><span style=\"font-family: arial,helvetica,sans-serif;\"><span style=\"color: #cc0000;\"><strong>Dauer &amp; Form:<\/strong><\/span> <\/span><\/p>\n<p style=\"text-align: left;\"><span style=\"font-family: arial,helvetica,sans-serif;\"><strong>1-Tages-Seminar:<\/strong> Workshop mit praxisnahen Arbeits- und \u00dcbungseinheiten<\/span><\/p>\n<p style=\"text-align: left;\"><span style=\"font-family: arial,helvetica,sans-serif;\"><strong>2-Tages-Intensiv-Workshop<\/strong>: kurze Impulsreferate, <\/span><span style=\"font-family: arial,helvetica,sans-serif;\">Einzel- und Gruppenarbeiten mit praxisnahen \u00dcbungstexten aus dem Arbeitsalltag der TeilnehmerInnen, aktuelle Fallbeispiele aus der TeilnehmerInnen-Runde inkl. Feedback.<br \/>\n<\/span><\/p>\n<p style=\"text-align: left;\"><span style=\"font-family: arial,helvetica,sans-serif;\"><span style=\"color: #cc0000;\"><strong>Kosten Firmen-\/Inhouse Seminare:<\/strong><\/span> Bitte kontaktieren Sie uns per Mail oder Telefon. Wir erstellen f\u00fcr Sie gerne ein individuelles Angebot \u2013 auf Ihre W\u00fcnsche und Bed\u00fcrfnisse zugeschnitten, basierend auf Teilnehmerzahl und Gruppenzusammensetzung.<br \/>\n<\/span><\/p>\n<p style=\"text-align: left;\"><span style=\"font-family: arial,helvetica,sans-serif;\">Das Angebot enth\u00e4lt s\u00e4mtliche Leistungen: Trainerhonorar und eventuell anfallende Spesen, Konzeption und Nachbereitung, ausf\u00fchrliche Seminarunterlagen und Feedbackb\u00f6gen.<\/span><\/p>\n<p>&nbsp;<\/p>\n","protected":false},"excerpt":{"rendered":"<p>Schreiblust statt Schreibfrust \u2013 lebendige Texte mit dem \u201egewissen Etwas\u201c Warum? Worte, die begeistern \u2013 Texte, die komplexe Informationen auf den Punkt bringen \u2013 Eindrucksvolle Metaphern, die aus banalen S\u00e4tzen starke Aussagen machen. Wer das \u201e1 x 1 des kreativen Schreibens\u201c beherrscht, verleitet seine KundInnen zum Lesen \u2013 trotz Info-Flut und Daten-Stress. Denn lebendige Texte [&hellip;]<\/p>\n","protected":false},"author":4,"featured_media":0,"parent":74,"menu_order":8,"comment_status":"closed","ping_status":"closed","template":"","meta":[],"_links":{"self":[{"href":"http:\/\/www.textundwort.at\/index.php?rest_route=\/wp\/v2\/pages\/2025"}],"collection":[{"href":"http:\/\/www.textundwort.at\/index.php?rest_route=\/wp\/v2\/pages"}],"about":[{"href":"http:\/\/www.textundwort.at\/index.php?rest_route=\/wp\/v2\/types\/page"}],"author":[{"embeddable":true,"href":"http:\/\/www.textundwort.at\/index.php?rest_route=\/wp\/v2\/users\/4"}],"replies":[{"embeddable":true,"href":"http:\/\/www.textundwort.at\/index.php?rest_route=%2Fwp%2Fv2%2Fcomments&post=2025"}],"version-history":[{"count":2,"href":"http:\/\/www.textundwort.at\/index.php?rest_route=\/wp\/v2\/pages\/2025\/revisions"}],"predecessor-version":[{"id":2812,"href":"http:\/\/www.textundwort.at\/index.php?rest_route=\/wp\/v2\/pages\/2025\/revisions\/2812"}],"up":[{"embeddable":true,"href":"http:\/\/www.textundwort.at\/index.php?rest_route=\/wp\/v2\/pages\/74"}],"wp:attachment":[{"href":"http:\/\/www.textundwort.at\/index.php?rest_route=%2Fwp%2Fv2%2Fmedia&parent=2025"}],"curies":[{"name":"wp","href":"https:\/\/api.w.org\/{rel}","templated":true}]}}