{"id":1399,"date":"2013-06-26T20:26:15","date_gmt":"2013-06-26T18:26:15","guid":{"rendered":"http:\/\/www.textundwort.at\/?page_id=1399"},"modified":"2013-06-27T10:39:16","modified_gmt":"2013-06-27T08:39:16","slug":"spezial-erfolgreiche-gender-kommunikation-im-tourismus","status":"publish","type":"page","link":"http:\/\/www.textundwort.at\/?page_id=1399","title":{"rendered":"Dialog: Erfolgreiche Gender-Kommunikation im Tourismus"},"content":{"rendered":"<p><strong>Der Workshop f\u00fcr TouristikerInnen, die wissen, dass Frauen anders reden. Und M\u00e4nner auch.<\/strong><\/p>\n<p><span style=\"color: #993300;\"><strong>Unser Ziel<\/strong><\/span><\/p>\n<p>Die TeilnehmerInnen lernen die typischen Kommunikationsmuster von M\u00e4nnern und Frauen zu verstehen und entsprechend zu reagieren. Sie erweitern ihr Kommunikations-Repertoire und k\u00f6nnen kommunikative Missverst\u00e4ndnisse mit Gespr\u00e4chspartnern des jeweils anderen Geschlechts vermeiden.<\/p>\n<p><span style=\"color: #993300;\"><strong>Unsere Inhalte<\/strong><\/span><\/p>\n<ul>\n<li>H\u00f6rst du mich \u2013 verstehst du mich? Grundlagen der <strong>Gender-Kommunikation <\/strong>(M\u00e4nnersprache \u2013 Frauensprache: der kleine\/gro\u00dfe Unterschied).<\/li>\n<li><strong>Zwei Sprachen, zwei Welten<\/strong>: Information versus Interaktion, Berichtsebene versus Beziehungsebene &#8211; <strong>wie<\/strong> (und zu welchem Zweck) <strong>kommunizieren Frauen bzw. M\u00e4nner?<\/strong> Was sorgt f\u00fcr Irritation (Urteile &amp; Vorurteile, Rollenklischees, gleiche Verhaltensweise \u2013 unterschiedliche Interpretation, etc.)?<\/li>\n<li>Geschlechterrolle und Funktionsrolle &#8211; der wichtige (richtige) Wechsel zwischen Sach<strong>&#8211; und Beziehungsebene<\/strong> im <strong>beruflichen Alltag<\/strong>. Effiziente L\u00f6sungsstrategien f\u00fcr kommunikative Missverst\u00e4ndnisse.<\/li>\n<li>Gef\u00fchle zeigen \u2013 aber wie? <strong>Konstruktive Gespr\u00e4chskultur<\/strong> \u2013 Konflikstrategien \u2013 gekonnter Umgang mit Kritik \u2013 <strong>souver\u00e4ne K\u00f6rpersprache<\/strong>.<\/li>\n<li><strong>Wechselseitig<\/strong> \u2013 was k\u00f6nnen Frauen von M\u00e4nnern im Hinblick auf effiziente und effektive Kommunikation lernen, was M\u00e4nner von Frauen?<\/li>\n<\/ul>\n<p><span style=\"color: #993300;\"><strong>Unser Angebot<\/strong><\/span><\/p>\n<p><strong><strong>Kurzvariante &#8211;<\/strong>\u00a04 Stunden:\u00a0<\/strong>Powerpoint-Impulsvortrag mit 1 &#8211; 2 \u00dcbungseinheiten (Follow-up empfohlen)<\/p>\n<p><strong>Workshop<\/strong>, 1 Tag,\u00a0Einzel- und Gruppenarbeiten, \u00dcbungsdialoge und Rollenspiele. Auf Wunsch homogene Gruppe (reines Frauen- oder M\u00e4nnerseminar) oder heterogene Gruppe (idealerweise gleich viele Frauen wie M\u00e4nner).<\/p>\n<p><span style=\"color: #993300;\"><strong>Kosten Firmen-\/Inhouse Seminare:<\/strong>\u00a0<\/span>Bitte kontaktieren Sie uns per Mail oder Telefon. Wir erstellen f\u00fcr Sie gerne ein individuelles Angebot &#8211; auf Ihre W\u00fcnsche und Bed\u00fcrfnisse zugeschnitten, basierend auf Teilnehmerzahl und Gruppenzusammensetzung.<\/p>\n<p>Das Angebot enth\u00e4lt s\u00e4mtliche Leistungen: Trainerhonorar und eventuell anfallende Spesen, Konzeption und Nachbereitung, ausf\u00fchrliche Seminarunterlagen und Feedbackb\u00f6gen.<\/p>\n","protected":false},"excerpt":{"rendered":"<p>Der Workshop f\u00fcr TouristikerInnen, die wissen, dass Frauen anders reden. Und M\u00e4nner auch.<\/p>\n","protected":false},"author":5,"featured_media":0,"parent":80,"menu_order":12,"comment_status":"closed","ping_status":"closed","template":"","meta":[],"_links":{"self":[{"href":"http:\/\/www.textundwort.at\/index.php?rest_route=\/wp\/v2\/pages\/1399"}],"collection":[{"href":"http:\/\/www.textundwort.at\/index.php?rest_route=\/wp\/v2\/pages"}],"about":[{"href":"http:\/\/www.textundwort.at\/index.php?rest_route=\/wp\/v2\/types\/page"}],"author":[{"embeddable":true,"href":"http:\/\/www.textundwort.at\/index.php?rest_route=\/wp\/v2\/users\/5"}],"replies":[{"embeddable":true,"href":"http:\/\/www.textundwort.at\/index.php?rest_route=%2Fwp%2Fv2%2Fcomments&post=1399"}],"version-history":[{"count":3,"href":"http:\/\/www.textundwort.at\/index.php?rest_route=\/wp\/v2\/pages\/1399\/revisions"}],"predecessor-version":[{"id":1401,"href":"http:\/\/www.textundwort.at\/index.php?rest_route=\/wp\/v2\/pages\/1399\/revisions\/1401"}],"up":[{"embeddable":true,"href":"http:\/\/www.textundwort.at\/index.php?rest_route=\/wp\/v2\/pages\/80"}],"wp:attachment":[{"href":"http:\/\/www.textundwort.at\/index.php?rest_route=%2Fwp%2Fv2%2Fmedia&parent=1399"}],"curies":[{"name":"wp","href":"https:\/\/api.w.org\/{rel}","templated":true}]}}