{"id":1120,"date":"2013-06-26T09:51:47","date_gmt":"2013-06-26T07:51:47","guid":{"rendered":"http:\/\/www.textundwort.at\/?page_id=1120"},"modified":"2013-07-02T09:22:48","modified_gmt":"2013-07-02T07:22:48","slug":"lustvolle-sprach-spielereien","status":"publish","type":"page","link":"http:\/\/www.textundwort.at\/?page_id=1120","title":{"rendered":"Aufbauworkshop: Kreatives Schreiben"},"content":{"rendered":"<p><strong>Sprachspielereien: Die Schreibwerkstatt f\u00fcr kreatives und phantasievolles Schreiben.<\/strong><\/p>\n<p><!--[if gte mso 9]><xml>\n<o:OfficeDocumentSettings>\n<o:AllowPNG\/>\n<o:PixelsPerInch>72<\/o:PixelsPerInch>\n<o:TargetScreenSize>1024x768<\/o:TargetScreenSize>\n<\/o:OfficeDocumentSettings>\n<\/xml><![endif]--><\/p>\n<p><!--[if gte mso 9]><xml>\n<w:WordDocument>\n<w:View>Normal<\/w:View>\n<w:Zoom>0<\/w:Zoom>\n<w:HyphenationZone>21<\/w:HyphenationZone>\n<w:PunctuationKerning\/>\n<w:ValidateAgainstSchemas\/>\n<w:SaveIfXMLInvalid>false<\/w:SaveIfXMLInvalid>\n<w:IgnoreMixedContent>false<\/w:IgnoreMixedContent>\n<w:AlwaysShowPlaceholderText>false<\/w:AlwaysShowPlaceholderText>\n<w:Compatibility>\n<w:BreakWrappedTables\/>\n<w:SnapToGridInCell\/>\n<w:WrapTextWithPunct\/>\n<w:UseAsianBreakRules\/>\n<w:DontGrowAutofit\/>\n<\/w:Compatibility>\n<w:DoNotOptimizeForBrowser\/>\n<\/w:WordDocument>\n<\/xml><![endif]--><!--[if gte mso 9]><xml>\n<w:LatentStyles DefLockedState=\"false\" LatentStyleCount=\"156\">\n<\/w:LatentStyles>\n<\/xml><![endif]--><!--[if gte mso 10]>\n\n\n\n<style>\n \/* Style Definitions *\/\n table.MsoNormalTable\n\t{mso-style-name:\"Normale Tabelle\";\n\tmso-tstyle-rowband-size:0;\n\tmso-tstyle-colband-size:0;\n\tmso-style-noshow:yes;\n\tmso-style-parent:\"\";\n\tmso-padding-alt:0cm 5.4pt 0cm 5.4pt;\n\tmso-para-margin:0cm;\n\tmso-para-margin-bottom:.0001pt;\n\tmso-pagination:widow-orphan;\n\tfont-size:10.0pt;\n\tfont-family:\"Times New Roman\";\n\tmso-ansi-language:#0400;\n\tmso-fareast-language:#0400;\n\tmso-bidi-language:#0400;}\n<\/style>\n\n<![endif]--><\/p>\n<p class=\"MsoBodyText\" style=\"font-size: 12px;\"><span style=\"font-family: arial,helvetica,sans-serif; font-size: small;\"><strong style=\"mso-bidi-font-weight: normal;\"><span style=\"line-height: 150%; color: #a10101;\">Unser Ziel<\/span><\/strong><\/span><\/p>\n<p class=\"MsoNormal\" style=\"font-size: 12px;\"><span style=\"font-size: small; line-height: 150%; font-family: arial,helvetica,sans-serif;\">Die TeilnehmerInnen lernen, Texte mit dem \u201egewissen Etwas\u201c zu formulieren \u2013 lebendig, bunt, sinnlich, anregend \u2013 und trotzdem informativ. Denn Information + Emotion ergeben Stimulation. So werden LeserInnen auf allen (Sinnes-) Ebenen angesprochen und reagieren ganzheitlich \u2013 mit Gef\u00fchl und Verstand.<\/span><\/p>\n<p class=\"MsoBodyText\" style=\"font-size: 12px;\"><span style=\"font-family: arial,helvetica,sans-serif; font-size: small;\"><strong style=\"mso-bidi-font-weight: normal;\"><span style=\"line-height: 150%; color: #a10101;\">Unsere Inhalte<\/span><\/strong><\/span><\/p>\n<ul>\n<li><span>Vielfalt statt Einfalt: Den <strong style=\"mso-bidi-font-weight: normal;\">Wortschatz<\/strong> <strong style=\"mso-bidi-font-weight: normal;\">erweitern<\/strong> \u2013 entdecken Sie die Welt der <strong style=\"mso-bidi-font-weight: normal;\">Synonyme und Antonyme<\/strong>!<\/span><\/li>\n<li><strong style=\"mso-bidi-font-weight: normal;\"><span style=\"font-family: Arial; mso-bidi-font-family: 'Times New Roman';\">Schreiblust<\/span><\/strong><span style=\"font-family: Arial; mso-bidi-font-family: 'Times New Roman';\"> statt Schreibfrust: Phantasie und Kreativit\u00e4t frei flie\u00dfen lassen \u2013 mit <strong style=\"mso-bidi-font-weight: normal;\">kreativen<\/strong> <strong style=\"mso-bidi-font-weight: normal;\">Schreibmethoden<\/strong>, <strong style=\"mso-bidi-font-weight: normal;\">Brainstorming<\/strong> und Mind Mapping.<\/span><\/li>\n<li><span style=\"font-family: Arial; mso-bidi-font-family: 'Times New Roman';\">Jedem das Seine: So werden <strong style=\"mso-bidi-font-weight: normal;\">unterschiedliche Textarten<\/strong> und <strong style=\"mso-bidi-font-weight: normal;\">Stile<\/strong> gezielt eingesetzt und miteinander kombiniert!<\/span><\/li>\n<li><span style=\"font-family: Wingdings; mso-fareast-font-family: Wingdings; mso-bidi-font-family: Wingdings;\"><span style=\"mso-list: Ignore;\"><span style=\"font: 7.0pt 'Times New Roman';\">\u00a0<\/span><\/span><\/span><span style=\"font-family: Arial; mso-bidi-font-family: 'Times New Roman';\">Auf den Punkt gebracht: Die Kunst, banale Phrasen und Klischees mit leichter Hand in <strong style=\"mso-bidi-font-weight: normal;\">eindrucksvolle<\/strong> <strong style=\"mso-bidi-font-weight: normal;\">Metaphern<\/strong> zu verwandeln \u2013 und auf diese Weise das <strong style=\"mso-bidi-font-weight: normal;\">Kopfkino<\/strong> der LeserInnen zu <strong style=\"mso-bidi-font-weight: normal;\">aktivieren<\/strong>.<\/span><\/li>\n<li><span style=\"font-family: Arial; mso-bidi-font-family: 'Times New Roman';\">Schreiblust statt Schreibfrust:<strong style=\"mso-bidi-font-weight: normal;\"> <\/strong>So l\u00e4sst sich der <strong style=\"mso-bidi-font-weight: normal;\">individuelle<\/strong> <strong style=\"mso-bidi-font-weight: normal;\">Schreibstil<\/strong> (Ausdrucksf\u00e4higkeit, Sprachvielfalt) ohne gro\u00dfen Aufwand <strong style=\"mso-bidi-font-weight: normal;\">optimieren<\/strong>. <\/span><\/li>\n<\/ul>\n<p><span style=\"font-family: arial,helvetica,sans-serif;\"><strong><span style=\"color: #cc0000;\">Unser Angebot<\/span><\/strong><\/span><br \/>\n<strong><\/strong><\/p>\n<p><strong>Workshop<\/strong>, 1 Tag, mit praxisnahen \u00dcbungstexten aus dem Arbeitsalltag der TeilnehmerInnen<\/p>\n<p><strong>Text-Tuning bzw. Coaching vor Ort <\/strong>&#8211; Optimierung aktueller Tourismustexte<\/p>\n<p><strong>Check &amp; Beratung <\/strong>per Telefon und\/oder Mail<\/p>\n<p><span style=\"font-family: arial,helvetica,sans-serif; font-size: small;\"><strong><!--[if gte mso 9]><xml>\n<o:OfficeDocumentSettings>\n<o:AllowPNG\/>\n<o:PixelsPerInch>72<\/o:PixelsPerInch>\n<o:TargetScreenSize>1024x768<\/o:TargetScreenSize>\n<\/o:OfficeDocumentSettings>\n<\/xml><![endif]--><\/strong><\/span><\/p>\n<p><span><span style=\"color: #cc0000;\"><strong>Teilnehmerzahl:<\/strong><\/span> <\/span><span>Max. 15 TeilnehmerInnen bei einer Trainerin. Ab 10 TeilnehmerInnen empfehlen wir zwei Trainerinnen (ist besonders f\u00fcr Schreib-Coachings und Feedback-Runden von Vorteil).<\/span><\/p>\n<p><span style=\"font-family: arial,helvetica,sans-serif;\"><span style=\"color: #cc0000;\"><strong>Kosten Firmen-\/Inhouse Seminare:<\/strong><\/span> <\/span><\/p>\n<p>Bitte kontaktieren Sie uns per Mail oder Telefon. Wir erstellen f\u00fcr Sie gerne ein individuelles Angebot &#8211; auf Ihre W\u00fcnsche und Bed\u00fcrfnisse zugeschnitten, basierend auf Teilnehmerzahl und Gruppenzusammensetzung.<\/p>\n<p style=\"text-align: left;\">Das Angebot enth\u00e4lt s\u00e4mtliche Leistungen: Trainerhonorar und eventuell anfallende Spesen, Konzeption und Nachbereitung, ausf\u00fchrliche Seminarunterlagen und Feedbackb\u00f6gen.<\/p>\n","protected":false},"excerpt":{"rendered":"<p>Die Schreibwerkstatt f\u00fcr kreative und phantasievolle TouristikerInnen<\/p>\n","protected":false},"author":5,"featured_media":0,"parent":80,"menu_order":3,"comment_status":"closed","ping_status":"closed","template":"","meta":[],"_links":{"self":[{"href":"http:\/\/www.textundwort.at\/index.php?rest_route=\/wp\/v2\/pages\/1120"}],"collection":[{"href":"http:\/\/www.textundwort.at\/index.php?rest_route=\/wp\/v2\/pages"}],"about":[{"href":"http:\/\/www.textundwort.at\/index.php?rest_route=\/wp\/v2\/types\/page"}],"author":[{"embeddable":true,"href":"http:\/\/www.textundwort.at\/index.php?rest_route=\/wp\/v2\/users\/5"}],"replies":[{"embeddable":true,"href":"http:\/\/www.textundwort.at\/index.php?rest_route=%2Fwp%2Fv2%2Fcomments&post=1120"}],"version-history":[{"count":26,"href":"http:\/\/www.textundwort.at\/index.php?rest_route=\/wp\/v2\/pages\/1120\/revisions"}],"predecessor-version":[{"id":1123,"href":"http:\/\/www.textundwort.at\/index.php?rest_route=\/wp\/v2\/pages\/1120\/revisions\/1123"}],"up":[{"embeddable":true,"href":"http:\/\/www.textundwort.at\/index.php?rest_route=\/wp\/v2\/pages\/80"}],"wp:attachment":[{"href":"http:\/\/www.textundwort.at\/index.php?rest_route=%2Fwp%2Fv2%2Fmedia&parent=1120"}],"curies":[{"name":"wp","href":"https:\/\/api.w.org\/{rel}","templated":true}]}}