{"id":106,"date":"2009-03-28T13:25:25","date_gmt":"2009-03-28T12:25:25","guid":{"rendered":"http:\/\/www.textundwort.at\/?page_id=106"},"modified":"2013-06-27T08:45:01","modified_gmt":"2013-06-27T06:45:01","slug":"richtiger-umgang-mit-journalisten","status":"publish","type":"page","link":"http:\/\/www.textundwort.at\/?page_id=106","title":{"rendered":"PR Aufbauworkshop: Auf gutem Fu\u00df mit Presseleuten"},"content":{"rendered":"<p style=\"text-align: left;\"><strong>Der Kommunikations-Workshop f\u00fcr TouristikerInnen, die Ihre Zusammenarbeit mit JournalistInnen optimieren und professioneller gestalten wollen.<\/strong><\/p>\n<p><span style=\"color: #993300;\"><strong>Unser Ziel<\/strong><\/span><\/p>\n<p>Die TeilnehmerInnen lernen, wie Sie JournalistInnen die t\u00e4gliche Arbeit erleichtern k\u00f6nnen \u2013 und damit die Medienberichterstattung \u00fcber das eigene Haus\/die eigene Region verbessern. Denn als relevante MeinungsmacherInnen und MultiplikatorenInnen wird um die Aufmerksamkeit der Presseleute gebuhlt. JournalistInnen sind sich dieser \u201eMacht\u201c durchaus bewusst. Doch die meisten wollen nicht hofiert, sondern professionell informiert werden. Mit guten, zielgruppengerechten Texten. W\u00e4hrend perfekt organisierter Medienreisen. Oder im Rahmen individueller Hintergrundgespr\u00e4che.<\/p>\n<p><span style=\"color: #993300;\">\u00a0<strong>Unsere Inhalte<\/strong><\/span><\/p>\n<ul>\n<li><strong>Kommunikation <\/strong>mit<strong> Medienprofis:<\/strong> Der Journalist \u2013 ein unbekanntes Wesen? Was JournalistInnen von Ihnen <strong>erwarten<\/strong>, ben\u00f6tigen, erhoffen.<\/li>\n<li>Der <strong>zwischenmenschliche Faktor<\/strong>: Professionelle N\u00e4he &amp; professionelle Distanz \u2013 so bauen Sie eine <strong>pers\u00f6nliche<\/strong> und dauerhafte professionelle <strong>Beziehung<\/strong> zu Presseleuten auf.<\/li>\n<li><strong>Themenfindung:<\/strong> Wer ist meine Zielgruppe? Was ist ein perfekter <strong>\u201eAufh\u00e4nger\u201c<\/strong>? Journalistische <strong>Auswahlkriterien<\/strong> \u2013 von VIPs, Schneeballeffekten und Zeitnot.<\/li>\n<li>&#8222;<strong>Goodies&#8220;<\/strong> <strong>f\u00fcr JournalistInnen<\/strong>: Fotomaterial (und Fotorechte), <strong>Interpretationshilfen<\/strong> (Grafiken, Datenmaterial, Factsheetes) und Online-Infos bringen Pluspunkte!<\/li>\n<li><strong>Social Media<\/strong> \u2013 lohnt es sich, mit der Presse zu <strong>twittern<\/strong>?<\/li>\n<li><strong>Medienreise &#8211; <\/strong>\u00a0Pluspunkt oder Eigentor? Von\u00a0<strong>Gruppen-Dynamik<\/strong> bis Krisenmanagement.<\/li>\n<\/ul>\n<p><span style=\"color: #993300;\"><strong>Unser Angebot<\/strong><\/span><\/p>\n<p><strong>Workshop<\/strong>, 1 Tag, mit praxisrelevanten Themen aus dem Arbeitsalltag der TeilnehmerInnen, \u00dcbungsdialogen und Feedbackrunden<\/p>\n<p><span style=\"color: #993300;\"><strong>Teilnehmerzahl:<\/strong> <\/span>Max. 15 TeilnehmerInnen bei einer Trainerin. Ab 10 TeilnehmerInnen empfehlen wir zwei Trainerinnen (ist besonders f\u00fcr Schreib-Coachings und Feedback-Runden von Vorteil).<\/p>\n<p><span style=\"color: #993300;\"><strong>Kosten Firmen-\/Inhouse Seminare:<\/strong><\/span><\/p>\n<p>Bitte kontaktieren Sie uns per Mail oder Telefon. Wir erstellen f\u00fcr Sie gerne ein individuelles Angebot &#8211; auf Ihre W\u00fcnsche und Bed\u00fcrfnisse zugeschnitten, basierend auf Teilnehmerzahl und Gruppenzusammensetzung.<\/p>\n<p>Das Angebot enth\u00e4lt s\u00e4mtliche Leistungen: Trainerhonorar und eventuell anfallende Spesen, Konzeption und Nachbereitung, ausf\u00fchrliche Seminarunterlagen und Feedbackb\u00f6gen.<\/p>\n","protected":false},"excerpt":{"rendered":"<p>Der Kommunikations-Workshop f\u00fcr TouristikerInnen, die Ihre Zusammenarbeit mit JournalistInnen optimieren und professioneller gestalten wollen.<\/p>\n","protected":false},"author":1,"featured_media":0,"parent":1309,"menu_order":2,"comment_status":"closed","ping_status":"closed","template":"","meta":[],"_links":{"self":[{"href":"http:\/\/www.textundwort.at\/index.php?rest_route=\/wp\/v2\/pages\/106"}],"collection":[{"href":"http:\/\/www.textundwort.at\/index.php?rest_route=\/wp\/v2\/pages"}],"about":[{"href":"http:\/\/www.textundwort.at\/index.php?rest_route=\/wp\/v2\/types\/page"}],"author":[{"embeddable":true,"href":"http:\/\/www.textundwort.at\/index.php?rest_route=\/wp\/v2\/users\/1"}],"replies":[{"embeddable":true,"href":"http:\/\/www.textundwort.at\/index.php?rest_route=%2Fwp%2Fv2%2Fcomments&post=106"}],"version-history":[{"count":17,"href":"http:\/\/www.textundwort.at\/index.php?rest_route=\/wp\/v2\/pages\/106\/revisions"}],"predecessor-version":[{"id":108,"href":"http:\/\/www.textundwort.at\/index.php?rest_route=\/wp\/v2\/pages\/106\/revisions\/108"}],"up":[{"embeddable":true,"href":"http:\/\/www.textundwort.at\/index.php?rest_route=\/wp\/v2\/pages\/1309"}],"wp:attachment":[{"href":"http:\/\/www.textundwort.at\/index.php?rest_route=%2Fwp%2Fv2%2Fmedia&parent=106"}],"curies":[{"name":"wp","href":"https:\/\/api.w.org\/{rel}","templated":true}]}}

PR Aufbauworkshop: Auf gutem Fuß mit Presseleuten

<p style="text-align: left;"><strong>Der Kommunikations-Workshop für TouristikerInnen, die Ihre Zusammenarbeit mit JournalistInnen optimieren und professioneller gestalten wollen.</strong></p>
<p><span style="color: #993300;"><strong>Unser Ziel</strong></span></p>
<p>Die TeilnehmerInnen lernen, wie Sie JournalistInnen die tägliche Arbeit erleichtern können – und damit die Medienberichterstattung über das eigene Haus/die eigene Region verbessern. Denn als relevante MeinungsmacherInnen und MultiplikatorenInnen wird um die Aufmerksamkeit der Presseleute gebuhlt. JournalistInnen sind sich dieser „Macht“ durchaus bewusst. Doch die meisten wollen nicht hofiert, sondern professionell informiert werden. Mit guten, zielgruppengerechten Texten. Während perfekt organisierter Medienreisen. Oder im Rahmen individueller Hintergrundgespräche.</p>
<p><span style="color: #993300;"> <strong>Unsere Inhalte</strong></span></p>
<ul>
<li><strong>Kommunikation </strong>mit<strong> Medienprofis:</strong> Der Journalist – ein unbekanntes Wesen? Was JournalistInnen von Ihnen <strong>erwarten</strong>, benötigen, erhoffen.</li>
<li>Der <strong>zwischenmenschliche Faktor</strong>: Professionelle Nähe &amp; professionelle Distanz – so bauen Sie eine <strong>persönliche</strong> und dauerhafte professionelle <strong>Beziehung</strong> zu Presseleuten auf.</li>
<li><strong>Themenfindung:</strong> Wer ist meine Zielgruppe? Was ist ein perfekter <strong>„Aufhänger“</strong>? Journalistische <strong>Auswahlkriterien</strong> – von VIPs, Schneeballeffekten und Zeitnot.</li>
<li>&#8222;<strong>Goodies&#8220;</strong> <strong>für JournalistInnen</strong>: Fotomaterial (und Fotorechte), <strong>Interpretationshilfen</strong> (Grafiken, Datenmaterial, Factsheetes) und Online-Infos bringen Pluspunkte!</li>
<li><strong>Social Media</strong> – lohnt es sich, mit der Presse zu <strong>twittern</strong>?</li>
<li><strong>Medienreise &#8211; </strong> Pluspunkt oder Eigentor? Von <strong>Gruppen-Dynamik</strong> bis Krisenmanagement.</li>
</ul>
<p><span style="color: #993300;"><strong>Unser Angebot</strong></span></p>
<p><strong>Workshop</strong>, 1 Tag, mit praxisrelevanten Themen aus dem Arbeitsalltag der TeilnehmerInnen, Übungsdialogen und Feedbackrunden</p>
<p><span style="color: #993300;"><strong>Teilnehmerzahl:</strong> </span>Max. 15 TeilnehmerInnen bei einer Trainerin. Ab 10 TeilnehmerInnen empfehlen wir zwei Trainerinnen (ist besonders für Schreib-Coachings und Feedback-Runden von Vorteil).</p>
<p><span style="color: #993300;"><strong>Kosten Firmen-/Inhouse Seminare:</strong></span></p>
<p>Bitte kontaktieren Sie uns per Mail oder Telefon. Wir erstellen für Sie gerne ein individuelles Angebot &#8211; auf Ihre Wünsche und Bedürfnisse zugeschnitten, basierend auf Teilnehmerzahl und Gruppenzusammensetzung.</p>
<p>Das Angebot enthält sämtliche Leistungen: Trainerhonorar und eventuell anfallende Spesen, Konzeption und Nachbereitung, ausführliche Seminarunterlagen und Feedbackbögen.</p>

<p>Der Kommunikations-Workshop für TouristikerInnen, die Ihre Zusammenarbeit mit JournalistInnen optimieren und professioneller gestalten wollen.</p>
